3/6 + 11*p**2 + 5. Suppose -5*o - 17 = -2. Let m be (0/((-9)/o))/3. What is r(m)?
5
Let y(j) = 6*j**3 + 4*j**2 + 5*j. Let r = 30156 + -30157. Calculate y(r).
-7
Let a(h) = -35*h - 2. Let q = 13452 - 13453. Calculate a(q).
33
Let p = 13 + -11. Let t(w) = -w**3 - 7*w**2 - 2*w - 11. Let h be t(-7). Let r(c) = 3 - c**2 - 1 - 21*c**h + 22*c**3. What is r(p)?
6
Let z(u) = -6*u + 40. Let b be z(17). Let q = b - -31. Let p = -33 - q. Let m(x) = 7*x + 2. What is m(p)?
-12
Let b(y) be the third derivative of y**6/120 - y**5/10 - 5*y**4/24 - y**3/3 - y**2 + 498*y. Let t be (-2*1 - -1)*-7. Calculate b(t).
12
Let q(b) be the first derivative of -b**4/2 + 37*b**3/3 - 17*b**2/2 - 12*b + 1742. Determine q(18).
6
Suppose 4*z + 3 + 41 = 0. Let q(j) be the first derivative of -j**3/3 - 9*j**2/2 + 14*j - 286. Calculate q(z).
-8
Let w be 5/(35/(-14)) - -11. Let m(u) = 9*u - 59. Determine m(w).
22
Let u(a) = a**3 + 7*a**2 + 3*a - 14. Let w be (-216)/(-96)*((-11)/(-3) + -1). Let t(f) = 3*f - 24. Let c be t(w). Determine u(c).
4
Let l(u) be the first derivative of -u**6/180 + u**5/60 + 5*u**4/24 - 12*u**3 + u - 121. Let x(m) be the third derivative of l(m). Determine x(4).
-19
Let y = -230 + 233. Let j(x) = 215*x**3 + 6*x**2 - y + 5*x - 216*x**3 + x + x. Let f(i) = 6*i**2 + i. Let v be f(1). What is j(v)?
-3
Let d(h) be the second derivative of 2*h**3/3 + 59*h**2/2 + 6158*h. Give d(-24).
-37
Suppose 5*i - c = 68 + 30, 0 = -4*i + 3*c + 74. Let d(m) = m**2 - 22 - i + 63 - 22. Let n = -3 - -4. Give d(n).
0
Let o(f) = -17*f + 188. Let i(b) = -2*b - 6. Let c(n) = 6*i(n) - o(n). Give c(45).
1
Let k(x) = 7*x + 8. Let a be (-28 + 18)*(4 - 1 - (-96)/(-30)). Give k(a).
22
Let v = -98 + 103. Let g be 21/v + (28/10 - 2). Let d(r) = r**3 - 6*r**2 + 6*r - 4. Determine d(g).
1
Let i(v) be the third derivative of -76*v**2 + 1/24*v**4 + 0 + 0*v**3 + v. Suppose s - 5*d - 11 = 0, -3*s = -5*d - 8 - 5. Calculate i(s).
1
Suppose 7*z = 4*z + 3*o + 21, 0 = 2*o. Let c(k) = -k**3 + 7*k**2 + 6*k + 4. Give c(z).
46
Let p(u) be the first derivative of u**2/2 + 3*u + 1. Let t be (-16)/(448/(-70)) - (-6)/(-24)*30. Calculate p(t).
-2
Let m be ((-40)/(-8) + -3)*1. Let j(r) = r - 3*r**m + r**2 + 0*r**2 - 10*r - 2 + 3*r**2. Give j(9).
-2
Let w(c) be the second derivative of c**4/12 + 4*c**3/3 + 13*c**2/2 - 1624*c. Give w(-7).
6
Let d = -8377 + 8382. Let g(u) = u**3 - 4*u**2 - 9*u + 1. What is g(d)?
-19
Let b(m) = m**2 - 10*m + 7. Let h = 2399 + -2390. What is b(h)?
-2
Let w = -75 + 68. Let k(d) = -d**3 - 9*d**2 - 11*d + 23. Let r be k(w). Let x(j) = -3*j - 4*j + 2*j**2 + 0 + 3 - j**3 + 4*j. Give x(r).
-3
Let p(d) = -10*d**3 - 34*d**2 - 13*d - 5. Let c(a) = -7*a**3 - 23*a**2 - 8*a - 3. Let i(k) = -7*c(k) + 5*p(k). Determine i(-7).
-39
Let a(o) = -2*o**3 + 0*o**3 + 3*o**3 - 32333*o**2 + 16169*o**2 + 16165*o**2. Suppose q = -q. Suppose -n + 5 = 5*y, 3*y + n + n - 10 = q. Determine a(y).
0
Let z(t) = 24*t**2 - 22*t + 22. Let m(i) = 11*i**2 - 12*i + 11. Let u(c) = -7*m(c) + 3*z(c). Calculate u(3).
-2
Let o(l) = -12*l + 11 - 9 + 0 - 5 + 5. Calculate o(0).
2
Let j(k) = -k**3 + 33*k**2 - 163*k - 3. Let w be j(6). Let h(y) = 3*y + 10. Calculate h(w).
-17
Let i(n) = -24*n - 12. Let k = 789 - 787. Give i(k).
-60
Let y(j) be the second derivative of j**5/20 - j**4/2 + 2*j**3/3 - j**2/2 - j. Let l be (20 - -2 - 30) + 13. Determine y(l).
-6
Let d(k) be the second derivative of k**4/6 + 10*k**3/3 - 13*k**2/2 + 5296*k. What is d(-11)?
9
Let p(k) = -4*k + 187. Let z(l) = -3*l + 120. Let n(x) = -5*p(x) + 8*z(x). Give n(-20).
105
Let b = -26747/12 - -2229. Let k(u) be the third derivative of -1/30*u**5 + 0*u - 4*u**2 + 1/120*u**6 - 1/6*u**3 + 0 - b*u**4. Give k(3).
2
Let f(j) = -303*j + 165*j + 67 + 141*j. Determine f(-23).
-2
Let v(x) be the second derivative of 1/6*x**3 + 0 - 26*x + 7*x**2. Let k = -39 - -26. Calculate v(k).
1
Let t(h) = -523*h**3 - 11*h + 522*h**3 - 271*h**2 - 3 + 280*h**2. Calculate t(3).
18
Let h(l) = 100*l**2 + 4*l - 11. Let y(j) = 24*j**2 - 2. Let m(v) = h(v) - 4*y(v). Determine m(1).
5
Suppose 5*o = -3*o + 304. Suppose -4*k - 6 + o = 0. Let j(t) = 12 + 2*t**2 - 3 - k. Determine j(-3).
19
Let m be 15/(-3)*((-9)/(-15) + (-4)/20). Let x(a) = -39*a + 4. Give x(m).
82
Let n(l) = -2*l**3 - l**2 - 2*l - 16. Suppose -394*v = -382*v. Give n(v).
-16
Suppose -5*c + 3 = -3*w, 2*c - 18 = -2*w - 4. Let k(f) = 10*f**2 + 158*f + 2178. Let o be k(-14). Let i(d) = -w*d + 2*d + 1931 - o. What is i(6)?
-7
Let j(u) = 2*u + 5. Let h be j(-1). Let a(r) be the third derivative of -r**5/60 + r**4/12 + r**3/3 - 388*r**2. What is a(h)?
-1
Let o(n) = 9*n - 4. Let b(p) = -7*p + 3. Let h(s) = 4*b(s) + 3*o(s). Let r(v) = v**2 + 5*v + 4. Let a(q) = -2*h(q) + r(q). Give a(-7).
4
Let o(w) = w**2 + 91*w + 893. Let h be o(-11). Let n(k) = 4*k + 14 - 3*k - 2*k. Give n(h).
1
Let t(x) = 17*x - 185. Suppose 331 = 94*j - 703. What is t(j)?
2
Let j(k) = 5*k**3 + 2*k**2 + 5*k - 29. Let w(c) = 11*c**3 + 6*c**2 + 9*c - 64. Let b(v) = -7*j(v) + 3*w(v). What is b(2)?
-5
Let a(l) = 2*l**2 - 2*l - 5. Let x(d) = 17*d**2 + 117*d + 164. Let c be x(-5). Determine a(c).
19
Suppose -5*t = -2*j - 5, 15*t = j + 11*t + 4. Let w(l) = -l + 8 - 2 - 5 - l**2. Calculate w(j).
1
Suppose 1 = -3*t + b, 22*b + 11 = -3*t + 18*b. Let d(z) = -10*z - 3. Calculate d(t).
7
Let k(f) = -f**3 - 19*f**2 + 20. Let w be k(-20). Let d = w + -414. Let c(r) = 6*r - 7. Determine c(d).
29
Suppose 12*d - 67 = -31. Suppose 0 = -11*v + d*v - 72. Let g(b) = -2*b - 12. What is g(v)?
6
Let o(f) = 61*f - 685. Let z(g) = -84*g + 1028. Let w(j) = -7*o(j) - 5*z(j). Determine w(-48).
-9
Let p(g) = -2*g**3 - 2*g - 1. Let d(c) = c**2. Let u(i) = -5*d(i) + p(i). Suppose -2*s = 12*s + 62*s + 228. Calculate u(s).
14
Let i = 71 - 77. Let p(y) be the third derivative of -y**4/4 + y**3/6 + 170*y**2. Determine p(i).
37
Let p be -13 + 17 + -7 - -6. Let g(q) be the second derivative of 0 + q**2 + 3*q - 1/6*q**p. Determine g(-3).
5
Let m(d) = -d + 35. Let i be m(30). Let h be (3/(2 - 5))/(i/(-30)). Let o(j) = j**2 - 7*j + 10. Give o(h).
4
Let a(d) = -d**3 + 2*d - 6*d + 2*d - 31*d**2 - 5*d + 23*d**2. Let t = -4 - -2. Let b(l) = l**3 + l**2 + 2*l + 1. Let c be b(t). What is a(c)?
0
Let n(q) = -3*q**2 - 15*q + 3. Let k be n(-5). Let j = 11 - 10. Let t(x) = 2*x - 2. Let g(h) = h. Let y(o) = j*g(o) + t(o). What is y(k)?
7
Suppose 19 = -23*c - 0 - 73. Let p(v) be the second derivative of -v**5/20 - 5*v**4/12 - 2*v**3/3 - 9*v**2/2 + 28*v. Give p(c).
-9
Suppose 4*q + 30 = 5*n, 6*n + q + 18 = 9*n. Let a(y) = y**3 + 6 - n*y - 9*y**2 - 2*y**3 - 5*y + 27*y - 4*y. What is a(-10)?
-14
Let b(r) be the first derivative of r**6/360 - r**5/12 + r**4/6 + r**3 - 41*r - 34. Let h(y) be the third derivative of b(y). Calculate h(10).
4
Let a(j) = j - 13. Let u(s) = -11*s + 77. Let t(i) = -6*a(i) - u(i). Give t(0).
1
Let r be -2*3/15 - 27/(-5). Suppose -42 = -2*k + w - 5, 3*k - r*w = 66. Let b(u) = -u**2 + 17*u - 2. What is b(k)?
-2
Suppose 5*y + m + 16 = 49, 0 = 3*y + 2*m - 24. Let s(c) be the third derivative of 2*c**2 + 0*c**3 + 1/120*c**6 + 0 - 7/24*c**4 + 16*c - 1/12*c**5. Give s(y).
-6
Let z = 9119 + -9114. Let u(d) = -d**3 + 4*d**2 + 6*d + 2. What is u(z)?
7
Let b(t) = 3*t**2 + 123*t - 163. Let m(r) = r**2 + 49*r - 65. Let v(l) = -5*b(l) + 13*m(l). Give v(9).
6
Suppose -2*p + 32 = -4*l, 2*p + 3*l - 6 = 12. Let r(k) = -5*k + 54. Let s be r(p). Let m(y) = 7 - 7*y**2 - 3*y + 0*y**3 - y**3 + 0*y. Give m(s).
-11
Let c(z) be the second derivative of -z**3/6 + z**2 - 31*z. Let s(m) = -m + 2. Let j(p) = -3*c(p) + 2*s(p). Calculate j(-10).
-12
Suppose -27*h = -31*h + k - 2, 4 = 5*h + 2*k. Let a(l) = 2*l**2 - l - 4. What is a(h)?
-4
Let w(k) be the third derivative of 1/24*k**4 + 2*k + 5/6*k**3 + 0 - 27*k**2. Give w(-11).
-6
Let y(z) = 9*z**2 + 2*z + 5. Let c(h) = -5*h**2 - h - 3. Let n(x) = -11*c(x) - 6*y(x). Let s be -7*(0 - (3 + -1)). Let l be -7*2*(-3)/s. Calculate n(l).
9
Let f(o) = 4*o**2 - 2*o + 4. Suppose 37 = 27*n - 44. What is f(n)?
34
Let s(h) = 2*h**2. Suppose 27*w + 13 = 67. Let f(y) = 6*y - 6 - 3 - 2*y. Let x be f(w). Give s(x).
2
Let c be (-1338)/(-22) - (-10)/55. Let x = -57 + c. Suppose 0 = -31*b + 27*b - x. Let z(y) = -4*y**3 + y**2 + y. What is z(b)?
4
Let k be 43/6 - (-4 + 25/6). Suppose 18 = k*x + 4. 